ivided by 15.
12
Calculate the remainder when 2799 is divided by 56.
55
Calculate the remainder when 255 is divided by 89.
77
Calculate the remainder when 828 is divided by 83.
81
Calculate the remainder when 950 is divided by 212.
102
What is the remainder when 2174 is divided by 136?
134
What is the remainder when 3919 is divided by 1303?
10
What is the remainder when 323 is divided by 139?
45
What is the remainder when 46313 is divided by 157?
155
What is the remainder when 136 is divided by 51?
34
Calculate the remainder when 296 is divided by 24.
8
Calculate the remainder when 74 is divided by 55.
19
Calculate the remainder when 2787 is divided by 93.
90
What is the remainder when 1155 is divided by 68?
67
What is the remainder when 194 is divided by 50?
44
What is the remainder when 3715 is divided by 9?
7
Calculate the remainder when 319 is divided by 167.
152
Calculate the remainder when 251 is divided by 26.
17
What is the remainder when 72 is divided by 26?
20
Calculate the remainder when 146 is divided by 15.
11
What is the remainder when 250 is divided by 62?
2
Calculate the remainder when 1555 is divided by 41.
38
Calculate the remainder when 166 is divided by 6.
4
Calculate the remainder when 565 is divided by 8.
5
What is the remainder when 84 is divided by 16?
4
What is the remainder when 391 is divided by 110?
61
What is the remainder when 1225 is divided by 5?
0
What is the remainder when 86 is divided by 27?
5
Calculate the remainder when 2125 is divided by 112.
109
Calculate the remainder when 74 is divided by 16.
10
What is the remainder when 2762 is divided by 79?
76
Calculate the remainder when 1900 is divided by 16.
12
What is the remainder when 1411 is divided by 126?
25
Calculate the remainder when 98 is divided by 60.
38
Calculate the remainder when 155 is divided by 110.
45
What is the remainder when 132 is divided by 8?
4
What is the remainder when 9269 is divided by 61?
58
What is the remainder when 73 is divided by 26?
21
What is the remainder when 1505 is divided by 307?
277
Calculate the remainder when 196 is divided by 43.
24
What is the remainder when 35 is divided by 15?
5
What is the remainder when 163 is divided by 55?
53
What is the remainder when 474 is divided by 15?
9
What is the remainder when 533 is divided by 134?
131
Calculate the remainder when 414 is divided by 20.
14
What is the remainder when 160 is divided by 37?
12
Calculate the remainder when 780 is divided by 17.
15
Calculate the remainder when 2359 is divided by 484.
423
What is the remainder when 1271 is divided by 326?
293
Calculate the remainder when 3768 is divided by 41.
37
What is the remainder when 6038 is divided by 1508?
6
Calculate the remainder when 12168 is divided by 4050.
18
Calculate the remainder when 379 is divided by 40.
19
Calculate the remainder when 3748 is divided by 150.
148
Calculate the remainder when 161 is divided by 57.
47
What is the remainder when 1437 is divided by 90?
87
Calculate the remainder when 62 is divided by 33.
29
Calculate the remainder when 134 is divided by 93.
41
Calculate the remainder when 31 is divided by 7.
3
What is the remainder when 86 is divided by 3?
2
Calculate the remainder when 2328 is divided by 194.
0
What is the remainder when 339 is divided by 19?
16
What is the remainder when 204 is divided by 4?
0
What is the remainder when 173 is divided by 111?
62
What is the remainder when 183 is divided by 3?
0
Calculate the remainder when 2205 is divided by 23.
20
What is the remainder when 5266 is divided by 5?
1
Calculate the remainder when 541 is divided by 130.
21
Calculate the remainder when 34401 is divided by 188.
185
What is the remainder when 241 is divided by 91?
59
Calculate the remainder when 1382 is divided by 274.
12
Calculate the remainder when 562 is divided by 33.
1
What is the remainder when 123 is divided by 25?
23
What is the remainder when 61 is divided by 32?
29
What is the remainder when 267 is divided by 127?
13
What is the remainder when 1228 is divided by 88?
84
Calculate the remainder when 4437 is divided by 60.
57
Calculate the remainder when 94 is divided by 12.
10
What is the remainder when 4691 is divided by 294?
281
Calculate the remainder when 120 is divided by 5.
0
Calculate the remainder when 670 is divided by 28.
26
Calculate the remainder when 2849 is divided by 95.
94
Calculate the remainder when 274 is divided by 47.
39
Calculate the remainder when 1314 is divided by 33.
27
Calculate the remainder when 134 is divided by 32.
6
What is the remainder when 109 is divided by 63?
46
What is the remainder when 782 is divided by 53?
40
What is the remainder when 490 is divided by 26?
22
What is the remainder when 816 is divided by 75?
66
What is the remainder when 1378 is divided by 293?
206
What is the remainder when 7103 is divided by 12?
11
Calculate the remainder when 148 is divided by 51.
46
Calculate the remainder when 1473 is divided by 36.
33
Calculate the remainder when 126 is divided by 32.
30
Calculate the remainder when 471 is divided by 95.
91
What is the remainder when 171 is divided by 6?
3
What is the remainder when 2962 is divided by 57?
55
Calculate the remainder when 221 is divided by 56.
53
Calculate the remainder when 209 is divided by 7.
6
Calculate the remainder when 365 is divided by 121.
2
Calculate the remainder when 359 is divided by 28.
23
What is the remainder when 375 is divided by 29?
27
What is the remainder when 378 is divided by 18?
0
What is the remainder when 677 is divided by 225?
2
What is the remainder when 953 is divided by 19?
3
What is the remainder when 499 is divided by 168?
163
Calculate the remainder when 8 is divided by 2.
0
What is the remainder when 2897 is divided by 100?
97
What is the remainder when 74 is divided by 19?
17
Calculate the remainder when 285 is divided by 38.
19
What is the remainder when 450 is divided by 52?
34
Calculate the remainder when 5518 is divided by 251.
247
What is the remainder when 6063 is divided by 8?
7
What is the remainder when 2600 is divided by 237?
230
Calculate the remainder when 5433 is divided by 33.
21
What is the remainder when 2829 is divided by 19?
17
What is the remainder when 5318 is divided by 15?
8
What is the remainder when 1500 is divided by 125?
0
Calculate the remainder when 56 is divided by 15.
11
What is the remainder when 6890 is divided by 18?
14
What is the remainder when 92 is divided by 58?
34
Calculate the remainder when 41 is divided by 14.
13
Calculate the remainder when 623 is divided by 3.
2
What is the remainder when 1880 is divided by 375?
5
Calculate the remainder when 393 is divided by 232.
161
What is the remainder when 89 is divided by 4?
1
Calculate the remainder when 82 is divided by 25.
7
Calculate the remainder when 1885 is divided by 118.
115
Calculate the remainder when 209 is divided by 24.
17
Calculate the remainder when 127 is divided by 59.
9
What is the remainder when 19478 is divided by 34?
30
Calculate the remainder when 173 is divided by 15.
8
Calculate the remainder when 174 is divided by 153.
21
Calculate the remainder when 915 is divided by 14.
5
What is the remainder when 59 is divided by 16?
11
What is the remainder when 229 is divided by 115?
114
Calculate the remainder when 684 is divided by 331.
22
Calculate the remainder when 246 is divided by 57.
18
Calculate the remainder when 175 is divided by 46.
37
What is the remainder when 129 is divided by 63?
3
What is the remainder when 2469 is divided by 312?
285
Calculate the remainder when 16988 is divided by 10.
8
What is the remainder when 1635 is divided by 82?
77
Calculate the remainder when 370 is divided by 116.
22
What is the remainder when 607 is divided by 217?
173
What is the remainder when 162 is divided by 79?
4
Calculate the remainder when 380 is divided by 73.
15
Calculate the remainder when 1438 is divided by 14.
10
What is the remainder when 313 is divided by 45?
43
Calculate the remainder when 414 is divided by 237.
177
What is the remainder when 66 is divided by 25?
16
What is the remainder when 6071 is divided by 88?
87
What is the remainder when 158 is divided by 16?
14
What is the remainder when 247 is divided by 12?
7
What is the remainder when 1